{"id":321,"date":"2025-08-05T21:10:09","date_gmt":"2025-08-05T21:10:09","guid":{"rendered":"https:\/\/pantallasled5g.com\/?page_id=321"},"modified":"2025-08-11T22:50:56","modified_gmt":"2025-08-11T22:50:56","slug":"mario-ramos","status":"publish","type":"page","link":"https:\/\/pantallasled5g.com\/index.php\/mario-ramos\/","title":{"rendered":"Mario Ramos"},"content":{"rendered":"\n<div class=\"wp-block-group alignfull\"><div class=\"wp-block-group__inner-container is-layout-constrained wp-block-group-is-layout-constrained\">\n<div class=\"wp-block-cover alignfull is-light\" style=\"margin-top:0;min-height:40vw;aspect-ratio:unset;\"><video class=\"wp-block-cover__video-background intrinsic-ignore\" autoplay muted loop playsinline src=\"https:\/\/pantallasled5g.com\/wp-content\/uploads\/2025\/08\/7485838E-BBBA-42C6-8562-8522A669A21D.mov\" data-object-fit=\"cover\"><\/video><span aria-hidden=\"true\" class=\"wp-block-cover__background has-black-background-color has-background-dim-0 has-background-dim\"><\/span><div class=\"wp-block-cover__inner-container is-layout-flow wp-block-cover-is-layout-flow\">\n<div style=\"height:50px\" aria-hidden=\"true\" class=\"wp-block-spacer\"><\/div>\n<\/div><\/div>\n<\/div><\/div>\n\n\n\n<div style=\"height:31px\" aria-hidden=\"true\" class=\"wp-block-spacer\"><\/div>\n\n\n\n<div class=\"wp-block-group\"><div class=\"wp-block-group__inner-container is-layout-flow wp-block-group-is-layout-flow\">\n<div class=\"wp-block-columns is-layout-flex wp-container-core-columns-is-layout-9d6595d7 wp-block-columns-is-layout-flex\">\n<div class=\"wp-block-column is-layout-flow wp-block-column-is-layout-flow\" style=\"flex-basis:66.66%\">\n<h2 class=\"wp-block-heading\"><mark style=\"background-color:var(--nv-primary-accent)\" class=\"has-inline-color has-nv-light-bg-color\">Mario Ramos Joyero \u2013 Iluminando sucursales con pantallas LED de alta calidad<\/mark><\/h2>\n<\/div>\n\n\n\n<div class=\"wp-block-column is-layout-flow wp-block-column-is-layout-flow\" style=\"flex-basis:33.33%\"><\/div>\n<\/div>\n\n\n\n<p>Ha confiado en Pantallas LED 5G para instalar tecnolog\u00eda visual en sus sucursales de Monterrey, Cd. Ju\u00e1rez, Los Mochis, Culiac\u00e1n, Durango y Mazatl\u00e1n. Descubre c\u00f3mo nuestras soluciones en pantallas LED personalizadas ayudan a resaltar la elegancia y prestigio de sus joyer\u00edas, impulsando la experiencia del cliente y la visibilidad de la marca.<\/p>\n\n\n\n<div style=\"height:20px\" aria-hidden=\"true\" class=\"wp-block-spacer\"><\/div>\n\n\n\n<figure class=\"wp-block-gallery has-nested-images columns-4 is-cropped wp-block-gallery-1 is-layout-flex wp-block-gallery-is-layout-flex\">\n<figure class=\"wp-block-image size-large\"><img loading=\"lazy\" decoding=\"async\" width=\"1024\" height=\"1024\" data-id=\"602\" src=\"https:\/\/pantallasled5g.com\/wp-content\/uploads\/2025\/08\/20-1024x1024.jpg\" alt=\"\" class=\"wp-image-602\" srcset=\"https:\/\/pantallasled5g.com\/wp-content\/uploads\/2025\/08\/20-1024x1024.jpg 1024w, https:\/\/pantallasled5g.com\/wp-content\/uploads\/2025\/08\/20-300x300.jpg 300w, https:\/\/pantallasled5g.com\/wp-content\/uploads\/2025\/08\/20-150x150.jpg 150w, https:\/\/pantallasled5g.com\/wp-content\/uploads\/2025\/08\/20-768x768.jpg 768w, https:\/\/pantallasled5g.com\/wp-content\/uploads\/2025\/08\/20.jpg 1080w\" sizes=\"auto, (max-width: 1024px) 100vw, 1024px\" \/><\/figure>\n\n\n\n<figure class=\"wp-block-image size-large\"><img loading=\"lazy\" decoding=\"async\" width=\"1024\" height=\"1024\" data-id=\"603\" src=\"https:\/\/pantallasled5g.com\/wp-content\/uploads\/2025\/08\/19-1024x1024.jpg\" alt=\"\" class=\"wp-image-603\" srcset=\"https:\/\/pantallasled5g.com\/wp-content\/uploads\/2025\/08\/19-1024x1024.jpg 1024w, https:\/\/pantallasled5g.com\/wp-content\/uploads\/2025\/08\/19-300x300.jpg 300w, https:\/\/pantallasled5g.com\/wp-content\/uploads\/2025\/08\/19-150x150.jpg 150w, https:\/\/pantallasled5g.com\/wp-content\/uploads\/2025\/08\/19-768x768.jpg 768w, https:\/\/pantallasled5g.com\/wp-content\/uploads\/2025\/08\/19.jpg 1080w\" sizes=\"auto, (max-width: 1024px) 100vw, 1024px\" \/><\/figure>\n\n\n\n<figure class=\"wp-block-image size-large\"><img loading=\"lazy\" decoding=\"async\" width=\"1024\" height=\"1024\" data-id=\"604\" src=\"https:\/\/pantallasled5g.com\/wp-content\/uploads\/2025\/08\/18-1024x1024.jpg\" alt=\"\" class=\"wp-image-604\" srcset=\"https:\/\/pantallasled5g.com\/wp-content\/uploads\/2025\/08\/18-1024x1024.jpg 1024w, https:\/\/pantallasled5g.com\/wp-content\/uploads\/2025\/08\/18-300x300.jpg 300w, https:\/\/pantallasled5g.com\/wp-content\/uploads\/2025\/08\/18-150x150.jpg 150w, https:\/\/pantallasled5g.com\/wp-content\/uploads\/2025\/08\/18-768x768.jpg 768w, https:\/\/pantallasled5g.com\/wp-content\/uploads\/2025\/08\/18.jpg 1080w\" sizes=\"auto, (max-width: 1024px) 100vw, 1024px\" \/><\/figure>\n<\/figure>\n<\/div><\/div>\n\n\n\n<div style=\"height:21px\" aria-hidden=\"true\" class=\"wp-block-spacer\"><\/div>\n\n\n\n<div class=\"wp-block-buttons is-content-justification-center is-layout-flex wp-container-core-buttons-is-layout-16018d1d wp-block-buttons-is-layout-flex\">\n<div class=\"wp-block-button\"><a class=\"wp-block-button__link wp-element-button\" href=\"https:\/\/pantallasled5g.com\/index.php\/contact\/\">CONTACTO<\/a><\/div>\n<\/div>\n\n\n\n<div style=\"height:21px\" aria-hidden=\"true\" class=\"wp-block-spacer\"><\/div>\n\n\n\n<figure class=\"wp-block-video\"><video height=\"720\" style=\"aspect-ratio: 1280 \/ 720;\" width=\"1280\" autoplay loop muted src=\"https:\/\/pantallasled5g.com\/wp-content\/uploads\/2025\/08\/VIDEO-MARIO-RAMOS.mp4\" playsinline><\/video><\/figure>\n\n\n\n<div class=\"wp-block-group alignfull has-contrast-color has-text-color is-vertical is-content-justification-center is-layout-flex wp-container-core-group-is-layout-f1198d31 wp-block-group-is-layout-flex\" style=\"min-height:40vh;margin-top:0;margin-bottom:0;padding-top:var(--wp--preset--spacing--60);padding-right:var(--wp--preset--spacing--50);padding-bottom:var(--wp--preset--spacing--60);padding-left:var(--wp--preset--spacing--50)\"><div style=\"margin-bottom:6px;\" class=\"is-default-size aligncenter wp-block-site-logo\"><a href=\"https:\/\/pantallasled5g.com\/\" class=\"custom-logo-link\" rel=\"home\"><img loading=\"lazy\" decoding=\"async\" width=\"512\" height=\"512\" src=\"https:\/\/pantallasled5g.com\/wp-content\/uploads\/2025\/07\/cropped-LOGO-PAGINA-1.png\" class=\"custom-logo\" alt=\"Panalasled5G\" srcset=\"https:\/\/pantallasled5g.com\/wp-content\/uploads\/2025\/07\/cropped-LOGO-PAGINA-1.png 512w, https:\/\/pantallasled5g.com\/wp-content\/uploads\/2025\/07\/cropped-LOGO-PAGINA-1-300x300.png 300w, https:\/\/pantallasled5g.com\/wp-content\/uploads\/2025\/07\/cropped-LOGO-PAGINA-1-150x150.png 150w, https:\/\/pantallasled5g.com\/wp-content\/uploads\/2025\/07\/cropped-LOGO-PAGINA-1-270x270.png 270w, https:\/\/pantallasled5g.com\/wp-content\/uploads\/2025\/07\/cropped-LOGO-PAGINA-1-192x192.png 192w, https:\/\/pantallasled5g.com\/wp-content\/uploads\/2025\/07\/cropped-LOGO-PAGINA-1-180x180.png 180w, https:\/\/pantallasled5g.com\/wp-content\/uploads\/2025\/07\/cropped-LOGO-PAGINA-1-32x32.png 32w\" sizes=\"auto, (max-width: 512px) 100vw, 512px\" \/><\/a><\/div><\/div>\n","protected":false},"excerpt":{"rendered":"<p>Mario Ramos Joyero \u2013 Iluminando sucursales con pantallas LED de alta calidad Ha confiado en Pantallas LED 5G para instalar tecnolog\u00eda visual en sus sucursales de Monterrey, Cd. Ju\u00e1rez, Los Mochis, Culiac\u00e1n, Durango y Mazatl\u00e1n. Descubre c\u00f3mo nuestras soluciones en pantallas LED personalizadas ayudan a resaltar la elegancia y prestigio de sus joyer\u00edas, impulsando la&hellip;&nbsp;<\/p>\n","protected":false},"author":1,"featured_media":0,"parent":0,"menu_order":0,"comment_status":"closed","ping_status":"closed","template":"","meta":{"neve_meta_sidebar":"","neve_meta_container":"","neve_meta_enable_content_width":"","neve_meta_content_width":0,"neve_meta_title_alignment":"","neve_meta_author_avatar":"","neve_post_elements_order":"","neve_meta_disable_header":"","neve_meta_disable_footer":"","neve_meta_disable_title":"","neve_meta_reading_time":"","_joinchat":[],"footnotes":""},"class_list":["post-321","page","type-page","status-publish","hentry"],"_links":{"self":[{"href":"https:\/\/pantallasled5g.com\/index.php\/wp-json\/wp\/v2\/pages\/321","targetHints":{"allow":["GET"]}}],"collection":[{"href":"https:\/\/pantallasled5g.com\/index.php\/wp-json\/wp\/v2\/pages"}],"about":[{"href":"https:\/\/pantallasled5g.com\/index.php\/wp-json\/wp\/v2\/types\/page"}],"author":[{"embeddable":true,"href":"https:\/\/pantallasled5g.com\/index.php\/wp-json\/wp\/v2\/users\/1"}],"replies":[{"embeddable":true,"href":"https:\/\/pantallasled5g.com\/index.php\/wp-json\/wp\/v2\/comments?post=321"}],"version-history":[{"count":11,"href":"https:\/\/pantallasled5g.com\/index.php\/wp-json\/wp\/v2\/pages\/321\/revisions"}],"predecessor-version":[{"id":618,"href":"https:\/\/pantallasled5g.com\/index.php\/wp-json\/wp\/v2\/pages\/321\/revisions\/618"}],"wp:attachment":[{"href":"https:\/\/pantallasled5g.com\/index.php\/wp-json\/wp\/v2\/media?parent=321"}],"curies":[{"name":"wp","href":"https:\/\/api.w.org\/{rel}","templated":true}]}}