{"id":320,"date":"2025-08-05T21:10:09","date_gmt":"2025-08-05T21:10:09","guid":{"rendered":"https:\/\/pantallasled5g.com\/?page_id=320"},"modified":"2025-08-12T20:40:30","modified_gmt":"2025-08-12T20:40:30","slug":"casa-ley","status":"publish","type":"page","link":"https:\/\/pantallasled5g.com\/index.php\/casa-ley\/","title":{"rendered":"Casa Ley"},"content":{"rendered":"\n<div class=\"wp-block-group alignfull\"><div class=\"wp-block-group__inner-container is-layout-constrained wp-block-group-is-layout-constrained\">\n<div class=\"wp-block-cover alignfull is-light\" style=\"margin-top:0;min-height:40vw;aspect-ratio:unset;\"><video class=\"wp-block-cover__video-background intrinsic-ignore\" autoplay muted loop playsinline src=\"https:\/\/pantallasled5g.com\/wp-content\/uploads\/2025\/08\/LA-VINATERIA-FRESH-MARKET.mov\" data-object-fit=\"cover\"><\/video><span aria-hidden=\"true\" class=\"wp-block-cover__background has-black-background-color has-background-dim-0 has-background-dim\"><\/span><div class=\"wp-block-cover__inner-container is-layout-flow wp-block-cover-is-layout-flow\">\n<div style=\"height:50px\" aria-hidden=\"true\" class=\"wp-block-spacer\"><\/div>\n<\/div><\/div>\n<\/div><\/div>\n\n\n\n<div style=\"height:26px\" aria-hidden=\"true\" class=\"wp-block-spacer\"><\/div>\n\n\n\n<h2 class=\"wp-block-heading\"><mark style=\"background-color:var(--nv-primary-accent)\" class=\"has-inline-color has-nv-site-bg-color\">Pantallas LED 5G verticales en Casa Ley para publicidad digital en supermercados, con programaci\u00f3n de ofertas y cambios de contenido v\u00eda remota<\/mark><\/h2>\n\n\n\n<p>En\u00a0<strong>Casa Ley<\/strong>, PantallasLed5G ha instalado una red de\u00a0<strong>pantallas LED 5G verticales<\/strong>\u00a0estrat\u00e9gicamente ubicadas a lo largo de toda la tienda, ofreciendo\u00a0<strong>publicidad digital en supermercados<\/strong>\u00a0con una cobertura visual total.<br>Gracias a la\u00a0<strong>gesti\u00f3n remota de contenidos<\/strong>, es posible\u00a0<strong>programar y actualizar ofertas<\/strong>\u00a0en tiempo real, adaptando la comunicaci\u00f3n a promociones, eventos o temporadas espec\u00edficas.<br>Esta soluci\u00f3n asegura\u00a0<strong>alto impacto visual<\/strong>, agilidad en la actualizaci\u00f3n y una experiencia de compra m\u00e1s atractiva para los clientes.<\/p>\n\n\n\n<div style=\"height:20px\" aria-hidden=\"true\" class=\"wp-block-spacer\"><\/div>\n\n\n\n<div class=\"wp-block-columns is-layout-flex wp-container-core-columns-is-layout-9d6595d7 wp-block-columns-is-layout-flex\">\n<div class=\"wp-block-column is-layout-flow wp-block-column-is-layout-flow\" style=\"flex-basis:100%\">\n<div class=\"wp-block-group\"><div class=\"wp-block-group__inner-container is-layout-flow wp-block-group-is-layout-flow\">\n<figure class=\"wp-block-gallery has-nested-images columns-4 is-cropped wp-block-gallery-1 is-layout-flex wp-block-gallery-is-layout-flex\">\n<figure class=\"wp-block-image size-large\"><img loading=\"lazy\" decoding=\"async\" width=\"580\" height=\"326\" data-id=\"664\" src=\"https:\/\/pantallasled5g.com\/wp-content\/uploads\/2025\/08\/BF4EDA06-A12A-4300-A638-3005FD65E566_4_5005_c.jpeg\" alt=\"\" class=\"wp-image-664\" srcset=\"https:\/\/pantallasled5g.com\/wp-content\/uploads\/2025\/08\/BF4EDA06-A12A-4300-A638-3005FD65E566_4_5005_c.jpeg 580w, https:\/\/pantallasled5g.com\/wp-content\/uploads\/2025\/08\/BF4EDA06-A12A-4300-A638-3005FD65E566_4_5005_c-300x169.jpeg 300w\" sizes=\"auto, (max-width: 580px) 100vw, 580px\" \/><\/figure>\n\n\n\n<figure class=\"wp-block-image size-large\"><img loading=\"lazy\" decoding=\"async\" width=\"580\" height=\"326\" data-id=\"666\" src=\"https:\/\/pantallasled5g.com\/wp-content\/uploads\/2025\/08\/ACDFE28A-046E-4758-B963-4699DDDFCA35_4_5005_c.jpeg\" alt=\"\" class=\"wp-image-666\" srcset=\"https:\/\/pantallasled5g.com\/wp-content\/uploads\/2025\/08\/ACDFE28A-046E-4758-B963-4699DDDFCA35_4_5005_c.jpeg 580w, https:\/\/pantallasled5g.com\/wp-content\/uploads\/2025\/08\/ACDFE28A-046E-4758-B963-4699DDDFCA35_4_5005_c-300x169.jpeg 300w\" sizes=\"auto, (max-width: 580px) 100vw, 580px\" \/><\/figure>\n\n\n\n<figure class=\"wp-block-image size-large\"><img loading=\"lazy\" decoding=\"async\" width=\"576\" height=\"1024\" data-id=\"667\" src=\"https:\/\/pantallasled5g.com\/wp-content\/uploads\/2025\/08\/22108987-56C4-4928-964C-6072C3C2CC57_1_105_c-576x1024.jpeg\" alt=\"\" class=\"wp-image-667\" srcset=\"https:\/\/pantallasled5g.com\/wp-content\/uploads\/2025\/08\/22108987-56C4-4928-964C-6072C3C2CC57_1_105_c-576x1024.jpeg 576w, https:\/\/pantallasled5g.com\/wp-content\/uploads\/2025\/08\/22108987-56C4-4928-964C-6072C3C2CC57_1_105_c-169x300.jpeg 169w, https:\/\/pantallasled5g.com\/wp-content\/uploads\/2025\/08\/22108987-56C4-4928-964C-6072C3C2CC57_1_105_c.jpeg 665w\" sizes=\"auto, (max-width: 576px) 100vw, 576px\" \/><\/figure>\n\n\n\n<figure class=\"wp-block-image size-large\"><img loading=\"lazy\" decoding=\"async\" width=\"768\" height=\"1024\" data-id=\"668\" src=\"https:\/\/pantallasled5g.com\/wp-content\/uploads\/2025\/08\/351D484A-DA19-4189-8B57-D64413C40CB2_1_105_c.jpeg\" alt=\"\" class=\"wp-image-668\" srcset=\"https:\/\/pantallasled5g.com\/wp-content\/uploads\/2025\/08\/351D484A-DA19-4189-8B57-D64413C40CB2_1_105_c.jpeg 768w, https:\/\/pantallasled5g.com\/wp-content\/uploads\/2025\/08\/351D484A-DA19-4189-8B57-D64413C40CB2_1_105_c-225x300.jpeg 225w\" sizes=\"auto, (max-width: 768px) 100vw, 768px\" \/><\/figure>\n\n\n\n<figure class=\"wp-block-image size-large\"><img loading=\"lazy\" decoding=\"async\" width=\"1024\" height=\"768\" data-id=\"669\" src=\"https:\/\/pantallasled5g.com\/wp-content\/uploads\/2025\/08\/7D7FF976-0035-449E-BDF5-1D4E784E0496_1_105_c.jpeg\" alt=\"\" class=\"wp-image-669\" srcset=\"https:\/\/pantallasled5g.com\/wp-content\/uploads\/2025\/08\/7D7FF976-0035-449E-BDF5-1D4E784E0496_1_105_c.jpeg 1024w, https:\/\/pantallasled5g.com\/wp-content\/uploads\/2025\/08\/7D7FF976-0035-449E-BDF5-1D4E784E0496_1_105_c-300x225.jpeg 300w, https:\/\/pantallasled5g.com\/wp-content\/uploads\/2025\/08\/7D7FF976-0035-449E-BDF5-1D4E784E0496_1_105_c-768x576.jpeg 768w\" sizes=\"auto, (max-width: 1024px) 100vw, 1024px\" \/><\/figure>\n\n\n\n<figure class=\"wp-block-image size-large\"><img loading=\"lazy\" decoding=\"async\" width=\"576\" height=\"1024\" data-id=\"670\" src=\"https:\/\/pantallasled5g.com\/wp-content\/uploads\/2025\/08\/6F670B43-AEDB-46D5-91F3-AAF3EA00A93A_1_105_c-576x1024.jpeg\" alt=\"\" class=\"wp-image-670\" srcset=\"https:\/\/pantallasled5g.com\/wp-content\/uploads\/2025\/08\/6F670B43-AEDB-46D5-91F3-AAF3EA00A93A_1_105_c-576x1024.jpeg 576w, https:\/\/pantallasled5g.com\/wp-content\/uploads\/2025\/08\/6F670B43-AEDB-46D5-91F3-AAF3EA00A93A_1_105_c-169x300.jpeg 169w, https:\/\/pantallasled5g.com\/wp-content\/uploads\/2025\/08\/6F670B43-AEDB-46D5-91F3-AAF3EA00A93A_1_105_c.jpeg 665w\" sizes=\"auto, (max-width: 576px) 100vw, 576px\" \/><\/figure>\n<\/figure>\n\n\n\n<div style=\"height:20px\" aria-hidden=\"true\" class=\"wp-block-spacer\"><\/div>\n\n\n\n<div class=\"wp-block-buttons is-content-justification-center is-layout-flex wp-container-core-buttons-is-layout-16018d1d wp-block-buttons-is-layout-flex\">\n<div class=\"wp-block-button is-style-primary\"><a class=\"wp-block-button__link wp-element-button\">CONTACTO<\/a><\/div>\n\n\n\n<div class=\"wp-block-button is-style-secondary\"><a class=\"wp-block-button__link wp-element-button\">COTIZA TU PROYECTO<\/a><\/div>\n<\/div>\n<\/div><\/div>\n<\/div>\n<\/div>\n\n\n\n<div class=\"wp-block-group alignfull has-contrast-color has-text-color is-vertical is-content-justification-center is-layout-flex wp-container-core-group-is-layout-f1198d31 wp-block-group-is-layout-flex\" style=\"min-height:40vh;margin-top:0;margin-bottom:0;padding-top:var(--wp--preset--spacing--60);padding-right:var(--wp--preset--spacing--50);padding-bottom:var(--wp--preset--spacing--60);padding-left:var(--wp--preset--spacing--50)\"><div style=\"margin-bottom:6px;\" class=\"is-default-size aligncenter wp-block-site-logo\"><a href=\"https:\/\/pantallasled5g.com\/\" class=\"custom-logo-link\" rel=\"home\"><img loading=\"lazy\" decoding=\"async\" width=\"512\" height=\"512\" src=\"https:\/\/pantallasled5g.com\/wp-content\/uploads\/2025\/07\/cropped-LOGO-PAGINA-1.png\" class=\"custom-logo\" alt=\"Panalasled5G\" srcset=\"https:\/\/pantallasled5g.com\/wp-content\/uploads\/2025\/07\/cropped-LOGO-PAGINA-1.png 512w, https:\/\/pantallasled5g.com\/wp-content\/uploads\/2025\/07\/cropped-LOGO-PAGINA-1-300x300.png 300w, https:\/\/pantallasled5g.com\/wp-content\/uploads\/2025\/07\/cropped-LOGO-PAGINA-1-150x150.png 150w, https:\/\/pantallasled5g.com\/wp-content\/uploads\/2025\/07\/cropped-LOGO-PAGINA-1-270x270.png 270w, https:\/\/pantallasled5g.com\/wp-content\/uploads\/2025\/07\/cropped-LOGO-PAGINA-1-192x192.png 192w, https:\/\/pantallasled5g.com\/wp-content\/uploads\/2025\/07\/cropped-LOGO-PAGINA-1-180x180.png 180w, https:\/\/pantallasled5g.com\/wp-content\/uploads\/2025\/07\/cropped-LOGO-PAGINA-1-32x32.png 32w\" sizes=\"auto, (max-width: 512px) 100vw, 512px\" \/><\/a><\/div>\n\n\n<ul class=\"wp-block-social-links has-normal-icon-size is-style-logos-only is-nowrap is-layout-flex wp-container-core-social-links-is-layout-53bee8aa wp-block-social-links-is-layout-flex\"><li class=\"wp-social-link wp-social-link-facebook  wp-block-social-link\"><a href=\"#\" class=\"wp-block-social-link-anchor\"><svg width=\"24\" height=\"24\" viewBox=\"0 0 24 24\" version=\"1.1\" xmlns=\"http:\/\/www.w3.org\/2000\/svg\" aria-hidden=\"true\" focusable=\"false\"><path d=\"M12 2C6.5 2 2 6.5 2 12c0 5 3.7 9.1 8.4 9.9v-7H7.9V12h2.5V9.8c0-2.5 1.5-3.9 3.8-3.9 1.1 0 2.2.2 2.2.2v2.5h-1.3c-1.2 0-1.6.8-1.6 1.6V12h2.8l-.4 2.9h-2.3v7C18.3 21.1 22 17 22 12c0-5.5-4.5-10-10-10z\"><\/path><\/svg><span class=\"wp-block-social-link-label screen-reader-text\">Facebook<\/span><\/a><\/li>\n\n<li class=\"wp-social-link wp-social-link-twitter  wp-block-social-link\"><a href=\"#\" class=\"wp-block-social-link-anchor\"><svg width=\"24\" height=\"24\" viewBox=\"0 0 24 24\" version=\"1.1\" xmlns=\"http:\/\/www.w3.org\/2000\/svg\" aria-hidden=\"true\" focusable=\"false\"><path d=\"M22.23,5.924c-0.736,0.326-1.527,0.547-2.357,0.646c0.847-0.508,1.498-1.312,1.804-2.27 c-0.793,0.47-1.671,0.812-2.606,0.996C18.324,4.498,17.257,4,16.077,4c-2.266,0-4.103,1.837-4.103,4.103 c0,0.322,0.036,0.635,0.106,0.935C8.67,8.867,5.647,7.234,3.623,4.751C3.27,5.357,3.067,6.062,3.067,6.814 c0,1.424,0.724,2.679,1.825,3.415c-0.673-0.021-1.305-0.206-1.859-0.513c0,0.017,0,0.034,0,0.052c0,1.988,1.414,3.647,3.292,4.023 c-0.344,0.094-0.707,0.144-1.081,0.144c-0.264,0-0.521-0.026-0.772-0.074c0.522,1.63,2.038,2.816,3.833,2.85 c-1.404,1.1-3.174,1.756-5.096,1.756c-0.331,0-0.658-0.019-0.979-0.057c1.816,1.164,3.973,1.843,6.29,1.843 c7.547,0,11.675-6.252,11.675-11.675c0-0.178-0.004-0.355-0.012-0.531C20.985,7.47,21.68,6.747,22.23,5.924z\"><\/path><\/svg><span class=\"wp-block-social-link-label screen-reader-text\">Twitter<\/span><\/a><\/li>\n\n<li class=\"wp-social-link wp-social-link-wordpress  wp-block-social-link\"><a href=\"#\" class=\"wp-block-social-link-anchor\"><svg width=\"24\" height=\"24\" viewBox=\"0 0 24 24\" version=\"1.1\" xmlns=\"http:\/\/www.w3.org\/2000\/svg\" aria-hidden=\"true\" focusable=\"false\"><path d=\"M12.158,12.786L9.46,20.625c0.806,0.237,1.657,0.366,2.54,0.366c1.047,0,2.051-0.181,2.986-0.51 c-0.024-0.038-0.046-0.079-0.065-0.124L12.158,12.786z M3.009,12c0,3.559,2.068,6.634,5.067,8.092L3.788,8.341 C3.289,9.459,3.009,10.696,3.009,12z M18.069,11.546c0-1.112-0.399-1.881-0.741-2.48c-0.456-0.741-0.883-1.368-0.883-2.109 c0-0.826,0.627-1.596,1.51-1.596c0.04,0,0.078,0.005,0.116,0.007C16.472,3.904,14.34,3.009,12,3.009 c-3.141,0-5.904,1.612-7.512,4.052c0.211,0.007,0.41,0.011,0.579,0.011c0.94,0,2.396-0.114,2.396-0.114 C7.947,6.93,8.004,7.642,7.52,7.699c0,0-0.487,0.057-1.029,0.085l3.274,9.739l1.968-5.901l-1.401-3.838 C9.848,7.756,9.389,7.699,9.389,7.699C8.904,7.67,8.961,6.93,9.446,6.958c0,0,1.484,0.114,2.368,0.114 c0.94,0,2.397-0.114,2.397-0.114c0.485-0.028,0.542,0.684,0.057,0.741c0,0-0.488,0.057-1.029,0.085l3.249,9.665l0.897-2.996 C17.841,13.284,18.069,12.316,18.069,11.546z M19.889,7.686c0.039,0.286,0.06,0.593,0.06,0.924c0,0.912-0.171,1.938-0.684,3.22 l-2.746,7.94c2.673-1.558,4.47-4.454,4.47-7.771C20.991,10.436,20.591,8.967,19.889,7.686z M12,22C6.486,22,2,17.514,2,12 C2,6.486,6.486,2,12,2c5.514,0,10,4.486,10,10C22,17.514,17.514,22,12,22z\"><\/path><\/svg><span class=\"wp-block-social-link-label screen-reader-text\">WordPress<\/span><\/a><\/li><\/ul>\n<\/div>\n\n\n\n<p><\/p>\n","protected":false},"excerpt":{"rendered":"<p>Pantallas LED 5G verticales en Casa Ley para publicidad digital en supermercados, con programaci\u00f3n de ofertas y cambios de contenido v\u00eda remota En\u00a0Casa Ley, PantallasLed5G ha instalado una red de\u00a0pantallas LED 5G verticales\u00a0estrat\u00e9gicamente ubicadas a lo largo de toda la tienda, ofreciendo\u00a0publicidad digital en supermercados\u00a0con una cobertura visual total.Gracias a la\u00a0gesti\u00f3n remota de contenidos, es&hellip;&nbsp;<\/p>\n","protected":false},"author":1,"featured_media":0,"parent":0,"menu_order":0,"comment_status":"closed","ping_status":"closed","template":"","meta":{"neve_meta_sidebar":"","neve_meta_container":"","neve_meta_enable_content_width":"","neve_meta_content_width":0,"neve_meta_title_alignment":"","neve_meta_author_avatar":"","neve_post_elements_order":"","neve_meta_disable_header":"","neve_meta_disable_footer":"","neve_meta_disable_title":"","neve_meta_reading_time":"","_joinchat":[],"footnotes":""},"class_list":["post-320","page","type-page","status-publish","hentry"],"_links":{"self":[{"href":"https:\/\/pantallasled5g.com\/index.php\/wp-json\/wp\/v2\/pages\/320","targetHints":{"allow":["GET"]}}],"collection":[{"href":"https:\/\/pantallasled5g.com\/index.php\/wp-json\/wp\/v2\/pages"}],"about":[{"href":"https:\/\/pantallasled5g.com\/index.php\/wp-json\/wp\/v2\/types\/page"}],"author":[{"embeddable":true,"href":"https:\/\/pantallasled5g.com\/index.php\/wp-json\/wp\/v2\/users\/1"}],"replies":[{"embeddable":true,"href":"https:\/\/pantallasled5g.com\/index.php\/wp-json\/wp\/v2\/comments?post=320"}],"version-history":[{"count":6,"href":"https:\/\/pantallasled5g.com\/index.php\/wp-json\/wp\/v2\/pages\/320\/revisions"}],"predecessor-version":[{"id":676,"href":"https:\/\/pantallasled5g.com\/index.php\/wp-json\/wp\/v2\/pages\/320\/revisions\/676"}],"wp:attachment":[{"href":"https:\/\/pantallasled5g.com\/index.php\/wp-json\/wp\/v2\/media?parent=320"}],"curies":[{"name":"wp","href":"https:\/\/api.w.org\/{rel}","templated":true}]}}